me factors of 29138.
2, 17, 857
List the prime factors of 208198.
2, 41, 2539
What are the prime factors of 1443?
3, 13, 37
List the prime factors of 7542.
2, 3, 419
List the prime factors of 1741.
1741
List the prime factors of 28454.
2, 41, 347
List the prime factors of 5435.
5, 1087
What are the prime factors of 499?
499
What are the prime factors of 473?
11, 43
What are the prime factors of 583?
11, 53
List the prime factors of 44182.
2, 22091
List the prime factors of 2531.
2531
List the prime factors of 1199.
11, 109
What are the prime factors of 3533?
3533
List the prime factors of 2802.
2, 3, 467
List the prime factors of 42982.
2, 21491
What are the prime factors of 10011?
3, 47, 71
What are the prime factors of 81301?
11, 19, 389
List the prime factors of 86965.
5, 17393
List the prime factors of 22109.
22109
What are the prime factors of 180?
2, 3, 5
List the prime factors of 76679.
76679
What are the prime factors of 44073?
3, 59, 83
List the prime factors of 5447.
13, 419
What are the prime factors of 25354?
2, 7, 1811
What are the prime factors of 10790?
2, 5, 13, 83
List the prime factors of 4683.
3, 7, 223
What are the prime factors of 173?
173
What are the prime factors of 12554?
2, 6277
List the prime factors of 70961.
11, 6451
List the prime factors of 596.
2, 149
List the prime factors of 3104.
2, 97
List the prime factors of 27046.
2, 13523
What are the prime factors of 92517?
3, 30839
List the prime factors of 7724.
2, 1931
List the prime factors of 38414.
2, 19207
List the prime factors of 4940.
2, 5, 13, 19
List the prime factors of 102322.
2, 11, 4651
List the prime factors of 1073.
29, 37
What are the prime factors of 20056?
2, 23, 109
List the prime factors of 5943.
3, 7, 283
What are the prime factors of 851?
23, 37
What are the prime factors of 30455?
5, 6091
What are the prime factors of 49771?
71, 701
List the prime factors of 31966.
2, 11, 1453
What are the prime factors of 68215?
5, 7, 1949
List the prime factors of 17198.
2, 8599
List the prime factors of 32198.
2, 17, 947
What are the prime factors of 3326?
2, 1663
List the prime factors of 3389.
3389
List the prime factors of 10155.
3, 5, 677
List the prime factors of 6035.
5, 17, 71
List the prime factors of 464.
2, 29
List the prime factors of 745.
5, 149
What are the prime factors of 36799?
7, 751
List the prime factors of 609.
3, 7, 29
What are the prime factors of 59456?
2, 929
What are the prime factors of 904?
2, 113
List the prime factors of 64785.
3, 5, 7, 617
What are the prime factors of 10859?
10859
List the prime factors of 30985.
5, 6197
List the prime factors of 590.
2, 5, 59
List the prime factors of 1365.
3, 5, 7, 13
What are the prime factors of 33224?
2, 4153
List the prime factors of 583.
11, 53
What are the prime factors of 22397?
22397
What are the prime factors of 32824?
2, 11, 373
List the prime factors of 3492.
2, 3, 97
What are the prime factors of 4464?
2, 3, 31
List the prime factors of 3221.
3221
What are the prime factors of 6434?
2, 3217
What are the prime factors of 738?
2, 3, 41
What are the prime factors of 5573?
5573
List the prime factors of 30986.
2, 15493
List the prime factors of 659.
659
What are the prime factors of 5660?
2, 5, 283
What are the prime factors of 126307?
126307
List the prime factors of 2982.
2, 3, 7, 71
What are the prime factors of 1405?
5, 281
What are the prime factors of 19394?
2, 9697
List the prime factors of 4606.
2, 7, 47
List the prime factors of 8305.
5, 11, 151
What are the prime factors of 2012?
2, 503
List the prime factors of 9888.
2, 3, 103
List the prime factors of 47829.
3, 107, 149
What are the prime factors of 1894?
2, 947
List the prime factors of 407.
11, 37
What are the prime factors of 3928?
2, 491
List the prime factors of 35001.
3, 3889
List the prime factors of 3450.
2, 3, 5, 23
What are the prime factors of 6569?
6569
What are the prime factors of 321?
3, 107
List the prime factors of 37.
37
List the prime factors of 1818.
2, 3, 101
List the prime factors of 365.
5, 73
List the prime factors of 123.
3, 41
What are the prime factors of 3457?
3457
List the prime factors of 26669.
26669
List the prime factors of 3757.
13, 17
What are the prime factors of 1336?
2, 167
What are the prime factors of 450?
2, 3, 5
What are the prime factors of 839?
839
What are the prime factors of 32979?
3, 10993
List the prime factors of 1119.
3, 373
What are the prime factors of 282?
2, 3, 47
List the prime factors of 3583.
3583
List the prime factors of 8918.
2, 7, 13
What are the prime factors of 4432?
2, 277
List the prime factors of 7755.
3, 5, 11, 47
List the prime factors of 12491.
12491
List the prime factors of 20704.
2, 647
List the prime factors of 1948.
2, 487
List the prime factors of 1772.
2, 443
List the prime factors of 9524.
2, 2381
What are the prime factors of 10374?
2, 3, 7, 13, 19
List the prime factors of 45466.
2, 127, 179
What are the prime factors of 834?
2, 3, 139
What are the prime factors of 798?
2, 3, 7, 19
List the prime factors of 3595.
5, 719
What are the prime factors of 3733?
3733
What are the prime factors of 8792?
2, 7, 157
List the prime factors of 64851.
3, 21617
What are the prime factors of 1132?
2, 283
What are the prime factors of 8269?
8269
List the prime factors of 2063.
2063
List the prime factors of 30933.
3, 7, 491
What are the prime factors of 22849?
73, 313
What are the prime factors of 3953?
59, 67
What are the prime factors of 2137?
2137
What are the prime factors of 712?
2, 89
List the prime factors of 35990.
2, 5, 59, 61
What are the prime factors of 81311?
17, 4783
List the prime factors of 70469.
7, 10067
List the prime factors of 2624.
2, 41
What are the prime factors of 81009?
3, 9001
List the prime factors of 1114.
2, 557
List the prime factors of 32092.
2, 71, 113
What are the prime factors of 5010?
2, 3, 5, 167
List the prime factors of 918.
2, 3, 17
What are the prime factors of 1713?
3, 571
List the prime factors of 6755.
5, 7, 193
List the prime factors of 37839.
3, 12613
List the prime factors of 2976.
2, 3, 31
List the prime factors of 7187.
7187
What are the prime factors of 12650?
2, 5, 11, 23
List the prime factors of 3345.
3, 5, 223
What are the prime factors of 35?
5, 7
What are the prime factors of 583?
11, 53
List the prime factors of 5795.
5, 19, 61
List the prime factors of 1494.
2, 3, 83
What are the prime factors of 77041?
77041
List the prime factors of 17906.
2, 7, 1279
List the prime factors of 38577.
3, 7, 11, 167
What are the prime factors of 841?
29
What are the prime factors of 18493?
18493
List the prime factors of 72633.
3, 11, 31, 71
What are the prime factors of 316?
2, 79
What are the prime factors of 3915?
3, 5, 29
What are the prime factors of 4678?
2, 2339
List the prime factors of 3068.
2, 13, 59
List the prime factors of 972.
2, 3
List the prime factors of 3053.
43, 71
What are the prime factors of 549?
3, 61
What are the prime factors of 4211?
4211
What are the prime factors of 6389?
6389
List the prime factors of 169814.
2, 197, 431
List the prime factors of 2603.
19, 137
List the prime factors of 94.
2, 47
What are the prime factors of 762?
2, 3, 127
List the prime factors of 9532.
2, 2383
List the prime factors of 2506.
2, 7, 179
List the prime factors of 14101.
59, 239
List the prime factors of 1688.
2, 211
List the prime factors of 4916.
2, 1229
List the prime factors of 146.
2, 73
List the prime factors of 111572.
2, 27893
List the prime factors of 685.
5, 137
What are the prime factors of 1560?
2, 3, 5, 13
List the prime factors of 79765.
5, 7, 43, 53
What are the prime factors of 9112?
2, 17, 67
List the prime factors of 19.
19
List the prime factors of 914.
2, 457
List the prime factors of 1369.
37
List the prime factors of 9424.
2, 19, 31
What are the prime factors of 1637?
1637
What are the prime factors of 3822?
2, 3, 7, 13
List the prime factors of 3151.
23, 137
List the prime factors of 5730.
2, 3, 5, 191
List the prime factors of 2145.
3, 5, 11, 13
List the prime factors of 2560.
2, 5
List the prime factors of 123.
3, 41
What are the prime factors of 17699?
11, 1609
List the prime factors of 20503.
7, 29, 101
What are the prime factors of 145?
5, 29
What are the prime factors of 3530?
2